{"id":519,"date":"2015-07-24T08:45:36","date_gmt":"2015-07-24T08:45:36","guid":{"rendered":"https:\/\/platrefrance.com\/?page_id=519"},"modified":"2019-12-19T15:33:03","modified_gmt":"2019-12-19T15:33:03","slug":"feature-shortcode","status":"publish","type":"page","link":"https:\/\/platrefrance.com\/home\/feature-shortcode\/","title":{"rendered":"Des outils pour vous accompagner"},"content":{"rendered":"<p>[vc_row layout=\u00a0\u00bbboxed\u00a0\u00bb parallax_style=\u00a0\u00bbnone\u00a0\u00bb parallax_scroll_effect=\u00a0\u00bbfixed\u00a0\u00bb el_class=\u00a0\u00bbmargin-bottom-100&Prime;][vc_column width=\u00a0\u00bb1\/3&Prime; el_class=\u00a0\u00bbcol-md-4 col-sm-12 col-xs-12&Prime;]\t\t\t<div\n\t\t\t\tclass=\"darna-feature style1  \" >\n\t\t\t\t<div class=\"darna-feature-thumb\">\n\t\t\t\t\t\t\t\t\t\t\t<a data-rel=\"prettyPhoto[feature]\" href=\"https:\/\/platrefrance.com\/wp-content\/uploads\/2019\/10\/service-client-platre-france-370x280.jpg\">\n\t\t\t\t\t\t\t<img decoding=\"async\" alt=\"NOTRE EQUIPE \u00c0 VOTRE SERVICE\" src=\"https:\/\/platrefrance.com\/wp-content\/uploads\/2019\/10\/service-client-platre-france-370x280.jpg\">\n\t\t\t\t\t\t<\/a>\n\t\t\t\t\t\t\t\t\t<\/div>\n\t\t\t\t<div class=\"darna-feature-content\">\n\t\t\t\t\t<h4>\n\t\t\t\t\t\t\t\t\t\t\t\t\t<i class=\"fa fa-thumbs-o-up\"><\/i>\n\t\t\t\t\t\t\t\t\t\t\t\t<a target=\"_self\"\n\t\t\t\t\t\t   href=\"#\">NOTRE EQUIPE \u00c0 VOTRE SERVICE<\/a>\n\t\t\t\t\t<\/h4>\n\n\t\t\t\t\t<p>Notre \u00e9quipe des services techniques se tient \u00e0 votre disposition pour toutes questions notamment en terme d&#039;applications et d&#039;utilisations de nos pl\u00e2tres. Nous mettons \u00e0 disposition pour chaque produit des fiches techniques \u00e0 t\u00e9l\u00e9charger. Notre partenaire Formula Saint Gobain est constitu\u00e9 de collaborateurs tr\u00e8s exp\u00e9riment\u00e9s, enthousiastes et engag\u00e9s. Avec le soutien des Centres de recherche de Saint-Gobain dans le monde, nous sommes en mesure de d\u00e9velopper des solutions r\u00e9pondant \u00e0 vos besoins.<\/p>\n\t\t\t\t\t\t\t\t\t<\/div>\n\t\t\t<\/div>\n\t\t\t[\/vc_column][vc_column width=\u00a0\u00bb1\/3&Prime; el_class=\u00a0\u00bbcol-md-4 col-sm-12 col-xs-12&Prime;]\t\t\t<div\n\t\t\t\tclass=\"darna-feature style1  \" >\n\t\t\t\t<div class=\"darna-feature-thumb\">\n\t\t\t\t\t\t\t\t\t\t\t<a data-rel=\"prettyPhoto[feature]\" href=\"https:\/\/www.youtube.com\/watch?v=e-ORhEE9VVg\">\n\t\t\t\t\t\t\t<img decoding=\"async\" alt=\"NOTRE MISSION &amp; NOTRE VISION\" src=\"https:\/\/platrefrance.com\/wp-content\/uploads\/2019\/10\/industrial-hall-1630742_1920-370x280.jpg\">\n\t\t\t\t\t\t\t<span><i class=\"fa fa-play-circle\"><\/i><\/span>\n\t\t\t\t\t\t<\/a>\n\t\t\t\t\t\t\t\t\t<\/div>\n\t\t\t\t<div class=\"darna-feature-content\">\n\t\t\t\t\t<h4>\n\t\t\t\t\t\t\t\t\t\t\t\t\t<i class=\"fa fa-eye\"><\/i>\n\t\t\t\t\t\t\t\t\t\t\t\t<a target=\"_self\"\n\t\t\t\t\t\t   href=\"#\">NOTRE MISSION &amp; NOTRE VISION<\/a>\n\t\t\t\t\t<\/h4>\n\n\t\t\t\t\t<p>Nos secteurs d\u2019expertise sp\u00e9cialis\u00e9e comprennent la fabrication de pi\u00e8ces pour le sanitaire, la vaisselle et les tuiles en c\u00e9ramique, de pl\u00e2tres pour des utilisations au mur et au sol et pour des applications d\u00e9coratives, des pl\u00e2tres de pr\u00e9cision utilis\u00e9s dans les applications dentaires ainsi que de gypse utilis\u00e9 dans l&#039;art. Pl\u00e2tre France r\u00e9pond \u00e0 vos besoins sp\u00e9cifiques de pl\u00e2tre et vous apporte des solutions adapt\u00e9es \u00e0 votre utilisation.<\/p>\n\t\t\t\t\t\t\t\t\t<\/div>\n\t\t\t<\/div>\n\t\t\t[\/vc_column][vc_column width=\u00a0\u00bb1\/3&Prime; el_class=\u00a0\u00bbcol-md-4 col-sm-12 col-xs-12&Prime;]\t\t\t<div\n\t\t\t\tclass=\"darna-feature style1  \" >\n\t\t\t\t<div class=\"darna-feature-thumb\">\n\t\t\t\t\t\t\t\t\t\t\t<a data-rel=\"prettyPhoto[feature]\" href=\"https:\/\/platrefrance.com\/wp-content\/uploads\/2015\/10\/slider-03-370x280.jpg\">\n\t\t\t\t\t\t\t<img decoding=\"async\" alt=\"NOS OUTILS &amp; SUPPORTS TECHNIQUE\" src=\"https:\/\/platrefrance.com\/wp-content\/uploads\/2015\/10\/slider-03-370x280.jpg\">\n\t\t\t\t\t\t<\/a>\n\t\t\t\t\t\t\t\t\t<\/div>\n\t\t\t\t<div class=\"darna-feature-content\">\n\t\t\t\t\t<h4>\n\t\t\t\t\t\t\t\t\t\t\t\t\t<i class=\"fa fa-paper-plane\"><\/i>\n\t\t\t\t\t\t\t\t\t\t\t\t<a target=\"_self\"\n\t\t\t\t\t\t   href=\"#\">NOS OUTILS &amp; SUPPORTS TECHNIQUE<\/a>\n\t\t\t\t\t<\/h4>\n\n\t\t\t\t\t<p>Nous sommes \u00e0 votre \u00e9coute pour vous aider. Notre \u00e9quipe de techniciens peut offrir des conseils techniques et une assistance de pointe concernant le choix de produits, la sp\u00e9cification et la performance pour divers process de fabrication. Nous mettons tout en \u0153uvre pour nous assurer que les meilleures pratiques sont utilis\u00e9es dans la gestion et la mise en \u0153uvre de nos produits.<\/p>\n\t\t\t\t\t\t\t\t\t<\/div>\n\t\t\t<\/div>\n\t\t\t[\/vc_column][\/vc_row]<\/p>\n","protected":false},"excerpt":{"rendered":"<p>[vc_row layout=\u00a0\u00bbboxed\u00a0\u00bb parallax_style=\u00a0\u00bbnone\u00a0\u00bb parallax_scroll_effect=\u00a0\u00bbfixed\u00a0\u00bb el_class=\u00a0\u00bbmargin-bottom-100&Prime;][vc_column width=\u00a0\u00bb1\/3&Prime; el_class=\u00a0\u00bbcol-md-4 col-sm-12 col-xs-12&Prime;][\/vc_column][vc_column width=\u00a0\u00bb1\/3&Prime; el_class=\u00a0\u00bbcol-md-4 col-sm-12 col-xs-12&Prime;][\/vc_column][vc_column width=\u00a0\u00bb1\/3&Prime; el_class=\u00a0\u00bbcol-md-4 col-sm-12 col-xs-12&Prime;][\/vc_column][\/vc_row]<\/p>\n","protected":false},"author":1,"featured_media":0,"parent":0,"menu_order":0,"comment_status":"closed","ping_status":"closed","template":"","meta":{"footnotes":""},"class_list":["post-519","page","type-page","status-publish","hentry"],"_links":{"self":[{"href":"https:\/\/platrefrance.com\/home\/wp-json\/wp\/v2\/pages\/519","targetHints":{"allow":["GET"]}}],"collection":[{"href":"https:\/\/platrefrance.com\/home\/wp-json\/wp\/v2\/pages"}],"about":[{"href":"https:\/\/platrefrance.com\/home\/wp-json\/wp\/v2\/types\/page"}],"author":[{"embeddable":true,"href":"https:\/\/platrefrance.com\/home\/wp-json\/wp\/v2\/users\/1"}],"replies":[{"embeddable":true,"href":"https:\/\/platrefrance.com\/home\/wp-json\/wp\/v2\/comments?post=519"}],"version-history":[{"count":10,"href":"https:\/\/platrefrance.com\/home\/wp-json\/wp\/v2\/pages\/519\/revisions"}],"predecessor-version":[{"id":1542,"href":"https:\/\/platrefrance.com\/home\/wp-json\/wp\/v2\/pages\/519\/revisions\/1542"}],"wp:attachment":[{"href":"https:\/\/platrefrance.com\/home\/wp-json\/wp\/v2\/media?parent=519"}],"curies":[{"name":"wp","href":"https:\/\/api.w.org\/{rel}","templated":true}]}}