{"id":1114,"date":"2019-10-11T12:54:32","date_gmt":"2019-10-11T12:54:32","guid":{"rendered":"https:\/\/platrefrance.com\/home\/?post_type=product&#038;p=1114"},"modified":"2026-03-29T21:43:59","modified_gmt":"2026-03-29T21:43:59","slug":"molda-3-normal","status":"publish","type":"product","link":"https:\/\/platrefrance.com\/home\/produit\/molda-3-normal\/","title":{"rendered":"Pl\u00e2tre Molda 3 Normal"},"content":{"rendered":"<p>Le <strong>pl\u00e2tre Molda 3 Normal<\/strong> est un pl\u00e2tre semi-hydrate non formul\u00e9 (CaSO4.1\/2H2O) produit \u00e0 partir de gypse naturel de haute puret\u00e9. Il est de couleur blanc cass\u00e9. Il est utilis\u00e9 pour la production d\u2019\u00e9l\u00e9ments d\u00e9coratifs <strong>(pl\u00e2tre d\u00e9coratif)<\/strong> et dans des applications g\u00e9n\u00e9rales de coulage <strong>(pl\u00e2tre de coulage)<\/strong>. Ce produit peut \u00e9galement \u00eatre utilis\u00e9 comme composant ou additif au sein de formulation.<\/p>\n<p>Le <strong>pl\u00e2tre Molda 3 Normal<\/strong> poss\u00e8de de nombreux avantages\u00a0:<\/p>\n<ul>\n<li>un temps de prise et caract\u00e9ristiques id\u00e9alement adapt\u00e9s \u00e0 la production de staff <strong>(pl\u00e2tre staff)<\/strong><\/li>\n<li>bonne reproduction des d\u00e9tails fins<\/li>\n<li>pl\u00e2tre non formul\u00e9 de haute puret\u00e9 \u00e9galement adapt\u00e9 pour la formulation de produits pour le b\u00e2timent (propres ou exclusives)<\/li>\n<\/ul>\n<p>Le <strong>pl\u00e2tre Molda 3 Normal<\/strong> peut \u00eatre utilis\u00e9 comme <strong>pl\u00e2tre c\u00e9ramique<\/strong>, <strong>pl\u00e2tre d\u00e9coratif<\/strong>, <strong>pl\u00e2tre staff<\/strong> et <strong>pl\u00e2tre pour sculpture<\/strong>.<\/p>\n<p>Le <strong>pl\u00e2tre Molda 3 Normal<\/strong> est conditionn\u00e9 dans des sacs de 25kg ou des seaux de 5kg.<\/p>\n<p>Production de moules de coulage et de calibrage,\u00a0et sp\u00e9cifiques au modelage. Vaisselle, sanitaire,\u00a0fabrication de travaux de staff, \u00e9l\u00e9ments d\u00e9coratifs,\u00a0sculpture.<\/p>\n<h2>Instructions d\u2019utilisation<\/h2>\n<p>Ce pl\u00e2tre devra \u00eatre utilis\u00e9 dans le rapport pl\u00e2tre\/eau recommand\u00e9 avec temps de m\u00e9lange d&rsquo;environ 2 \u00e0 4\u00a0minutes.<br \/>\nLa consistance exacte \u00e0 utiliser devra \u00eatre ajust\u00e9e en fonction de chaque application. Les modifications du rapport pl\u00e2tre\/eau affecteront les performances du produit, en particulier le temps de\u00a0 de prise et les r\u00e9sistances m\u00e9caniques.<\/p>\n<p>Taux de g\u00e2chage* : 1,35 &lt; x &lt; 1,6<\/p>\n<h2>Avantages<\/h2>\n<div class=\"post-benefits\">\n<p>Temps de prise et caract\u00e9ristiques id\u00e9alement adapt\u00e9es \u00e0 la production de Staff<\/p>\n<p>Bonne reproduction des d\u00e9tails fins<\/p>\n<p>Pl\u00e2tre non formul\u00e9 de haute puret\u00e9 \u00e9galement adapt\u00e9 pour la formulations de produits pour le b\u00e2timent (propres ou exclusives)<\/p>\n<\/div>\n","protected":false},"excerpt":{"rendered":"<p>Molda 3 Normal est un pl\u00e2tre semi-hydrate non formul\u00e9 (CaSO4.1\/2H2O) produit \u00e0 partir de gypse naturel de haute puret\u00e9. Il est de couleur blanc cass\u00e9. Il est utilis\u00e9 pour la production d&rsquo;\u00e9l\u00e9ments d\u00e9coratifs et dans des applications g\u00e9n\u00e9rales de coulage. Ce produit peut \u00e9galement \u00eatre utilis\u00e9 comme composant ou additif au sein de formulations.<\/p>\n<p>Sac de 25 kg ou Sceau de 5kg.<\/p>\n<p>Fiche technique du pl\u00e2tre \u00e0 t\u00e9l\u00e9charger : <strong><a href=\"https:\/\/platrefrance.com\/wp-content\/uploads\/2019\/10\/Molda-3-Normal_CS_PDS_FR_20231005.pdf\">molda_3_normal-fr<\/a><\/strong><\/p>\n<p>Fiche de s\u00e9curit\u00e9 du pl\u00e2tre \u00e0 t\u00e9l\u00e9charger : <strong><a href=\"https:\/\/platrefrance.com\/wp-content\/uploads\/2019\/10\/FR-MSDS-Molda-3-Normal-2013-05-07.pdf\">FR MSDS Molda 3 Normal<\/a><\/strong><\/p>\n","protected":false},"featured_media":3062,"comment_status":"open","ping_status":"closed","template":"","meta":[],"product_brand":[],"product_cat":[80,85,87,89,88,102,83,81,82,126,15],"product_tag":[],"class_list":{"0":"post-1114","1":"product","2":"type-product","3":"status-publish","4":"has-post-thumbnail","6":"product_cat-ceramique","7":"product_cat-coulage","8":"product_cat-coulage-decoratif","9":"product_cat-modelage-ceramique","10":"product_cat-modelage-decoratif","11":"product_cat-modelage-staff","12":"product_cat-decoratif","13":"product_cat-sculpture","14":"product_cat-staff","15":"product_cat-sacs-de-25kg","16":"product_cat-tous","17":"pa_poids-volumetrique-sac-de-25-kg","18":"pa_poids-volumetrique-seau-de-5-kg","20":"first","21":"instock","22":"shipping-taxable","23":"purchasable","24":"product-type-variable"},"_links":{"self":[{"href":"https:\/\/platrefrance.com\/home\/wp-json\/wp\/v2\/product\/1114","targetHints":{"allow":["GET"]}}],"collection":[{"href":"https:\/\/platrefrance.com\/home\/wp-json\/wp\/v2\/product"}],"about":[{"href":"https:\/\/platrefrance.com\/home\/wp-json\/wp\/v2\/types\/product"}],"replies":[{"embeddable":true,"href":"https:\/\/platrefrance.com\/home\/wp-json\/wp\/v2\/comments?post=1114"}],"wp:featuredmedia":[{"embeddable":true,"href":"https:\/\/platrefrance.com\/home\/wp-json\/wp\/v2\/media\/3062"}],"wp:attachment":[{"href":"https:\/\/platrefrance.com\/home\/wp-json\/wp\/v2\/media?parent=1114"}],"wp:term":[{"taxonomy":"product_brand","embeddable":true,"href":"https:\/\/platrefrance.com\/home\/wp-json\/wp\/v2\/product_brand?post=1114"},{"taxonomy":"product_cat","embeddable":true,"href":"https:\/\/platrefrance.com\/home\/wp-json\/wp\/v2\/product_cat?post=1114"},{"taxonomy":"product_tag","embeddable":true,"href":"https:\/\/platrefrance.com\/home\/wp-json\/wp\/v2\/product_tag?post=1114"}],"curies":[{"name":"wp","href":"https:\/\/api.w.org\/{rel}","templated":true}]}}